{"id":625,"date":"2014-10-16T06:56:31","date_gmt":"2014-10-16T06:56:31","guid":{"rendered":"http:\/\/www.chiaroscuro.se\/?page_id=625"},"modified":"2026-06-09T10:02:34","modified_gmt":"2026-06-09T10:02:34","slug":"aktuellt-2","status":"publish","type":"page","link":"https:\/\/www.chiaroscuro.se\/en\/aktuellt-2\/","title":{"rendered":"At the moment"},"content":{"rendered":"<p><a href=\"http:\/\/www.chiaroscuro.se\/wp-content\/uploads\/2018\/01\/Pris_webb.jpg\"><img loading=\"lazy\" decoding=\"async\" class=\"alignnone wp-image-1032 size-medium\" src=\"http:\/\/www.chiaroscuro.se\/wp-content\/uploads\/2018\/01\/Pris_webb-250x154.jpg\" alt=\"\" width=\"250\" height=\"154\" srcset=\"https:\/\/www.chiaroscuro.se\/wp-content\/uploads\/2018\/01\/Pris_webb-250x154.jpg 250w, https:\/\/www.chiaroscuro.se\/wp-content\/uploads\/2018\/01\/Pris_webb-120x74.jpg 120w, https:\/\/www.chiaroscuro.se\/wp-content\/uploads\/2018\/01\/Pris_webb.jpg 640w\" sizes=\"auto, (max-width: 250px) 100vw, 250px\" \/> <\/a><a href=\"http:\/\/www.raetia.com\/index.php?option=com_acymailing&amp;ctrl=archive&amp;task=view&amp;mailid=844&amp;key=2WEujHg1&amp;subid=50835-AkMyWtuAVgk3KL&amp;tmpl=component&amp;acm=50835_844\"><img loading=\"lazy\" decoding=\"async\" class=\"alignnone wp-image-1204 size-thumbnail\" src=\"http:\/\/www.chiaroscuro.se\/wp-content\/uploads\/2019\/07\/image002-1-150x150.jpeg\" alt=\"\" width=\"150\" height=\"150\" \/><\/a><\/p>\n<table style=\"height: 25px; width: 100%;\">\n<tbody>\n<tr>\n<td valign=\"top\">&#8211;<\/td>\n<td valign=\"top\">2026 Nov.-Jan27: Erich\u00b4s photo exhibition at Gallery Bretze, Hall in Tyrol, Austria<\/td>\n<\/tr>\n<tr>\n<td valign=\"top\">&#8211;<\/td>\n<td valign=\"top\">2026 Aug.-Sept.: Erich\u00b4s photo exhibition at Gallery Bob Photo in Stockholm, Sweden<\/td>\n<\/tr>\n<tr>\n<td valign=\"top\">&#8211;<\/td>\n<td valign=\"top\">2026 May: Erich\u00b4s single exhibition at Gallery Artportable, Karlav\u00e4gen 15, Stockholm, Sweden<\/td>\n<\/tr>\n<tr>\n<td valign=\"top\">&#8211;<\/td>\n<td valign=\"top\">2026 April-July: Erich participate in a group exhibition at \u201dWipptalherz\u201d, Matrei\/Br. Austria<\/td>\n<\/tr>\n<tr>\n<td valign=\"top\">&#8211;<\/td>\n<td valign=\"top\">2026 March: Erich\u00b4s photo exhibition at Gallery Hattl\u00f6sa, F\u00f6rsl\u00f6v, Sweden<\/td>\n<\/tr>\n<tr>\n<td valign=\"top\">&#8211;<\/td>\n<td valign=\"top\">2025 sept.- oct.: Erich\u00b4s single exhibition at Gallery Bar(r), Malmoe, Sweden<\/td>\n<\/tr>\n<tr>\n<td valign=\"top\">&#8211;<\/td>\n<td valign=\"top\">2025 august: Ewa and Erich participate in a group exhibition at Konstf\u00f6reningen<br \/>\n\u00d6rkelljunga, Sweden<\/td>\n<\/tr>\n<tr>\n<td valign=\"top\">&#8211;<\/td>\n<td valign=\"top\">2025 june \u2013 july: \u201eto be a man\u201c, Erich\u00b4s photo exhibition at Galeria Lia Mostra D\u00b4Ert, Ortisei, Italy<\/td>\n<\/tr>\n<tr>\n<td valign=\"top\">&#8211;<\/td>\n<td valign=\"top\">2025 august: The photobook \u201eUnforgettable &#8211; Unforgotten\u201c is published by the publisher DCV,<br \/>\nBerlin, in german and english translation, with Erichs photos about \u201eremains and transience\u201d, Curator: Ewa J\u00f6nsson H\u00f6rtnagl, Texts: Alois Sch\u00f6pf, Kurt H\u00f6retzeder<\/td>\n<\/tr>\n<tr>\n<td valign=\"top\">&#8211;<\/td>\n<td valign=\"top\">2024 June \u2013 Aug.: \u201eto be a man\u201c, Erichs photo exhibition at Gallery Hattl\u00f6sa, F\u00f6rsl\u00f6v, Sweden<\/td>\n<\/tr>\n<tr>\n<td valign=\"top\">&#8211;<\/td>\n<td valign=\"top\">2024 Febr.- March:  \u201eto be a man\u201c, Erichs photo exhibition at Gallery Fotoforum West, Innsbruck, Austria<\/td>\n<\/tr>\n<td valign=\"top\">&#8211;<\/td>\n<td valign=\"top\">2023 Nov. \u2013 Jan.24: \u201emensch.natur \u2013 new photo works\u201c,  Erichs photo-graphic-exhibition at Artdepot, Innsbruck, Austria<\/td>\n<\/tr>\n<tr>\n<td valign=\"top\">&#8211;<\/td>\n<td valign=\"top\">2023 Nov. \u2013 Dec.: Erich participates in a group exhibition at Gallery Cowgirl, \u201dCFF-Salong\u201d, &#8211; Malmoe, Sweden<\/td>\n<\/tr>\n<tr>\n<td valign=\"top\">&#8211;<\/td>\n<td valign=\"top\">2023 Sept. \u2013 2024 Jan.: Erich participates in a group exhibition at Konsthallen Ravinen, \u201eKONSTGRAFIK \u2013 ur Atelje Larsens samling\u201c, B\u00e5stad, Sweden<\/td>\n<\/tr>\n<tr>\n<td valign=\"top\">&#8211;<\/td>\n<td valign=\"top\">2023 sept.: The book \u201eEwa J\u00f6nsson H\u00f6rtnagl 2003 &#8211; 2023\u201c is published by Chiaro Scuro, in swedish and german translation, with a selection of Ewas paintings from 2003-23.<\/td>\n<\/tr>\n<tr>\n<td valign=\"top\">&#8211;<\/td>\n<td valign=\"top\">2023 June: The photobook \u201eto be a man\u201c is published by the publisher DCV, Berlin, in german and english translation, with Erichs photos about the role of men in today&#8217;s society. Curator: Ewa J\u00f6nsson H\u00f6rtnagl, Text: Regina Hilber, Alois Sch\u00f6pf<\/td>\n<\/tr>\n<tr>\n<td valign=\"top\">&#8211;<\/td>\n<td valign=\"top\">Tarik Saleh\u00b4s feature film Boy from heaven, with Erich as Production Executive for Filmfinances Scandinavia, has got the critics award and the award for best screenplay at Cannes 2022 and is nominated for Swedens Oscar contribution 2023.\n<\/td>\n<\/tr>\n<tr>\n<td valign=\"top\">&#8211;<\/td>\n<td valign=\"top\">2022 september: Public secrecies (new edition) invited to shortfilmfestivalen Pillusion, Tyrol, Austria\n<\/td>\n<\/tr>\n<tr>\n<td valign=\"top\">&#8211;<\/td>\n<td valign=\"top\">2022 september:  Erich participates with new photoworks at Vienna Art Fair, Austria\n<\/td>\n<\/tr>\n<tr>\n<td valign=\"top\">&#8211;<\/td>\n<td valign=\"top\">2022 juli-augusti: Erich participates in a group exhibition at Kunstverket, Oslo, Norway\n<\/td>\n<\/tr>\n<tr>\n<td valign=\"top\">&#8211;<\/td>\n<td valign=\"top\">2021 Public secrecies (new edition) participate in 3 shortfilmfestivals: Berlin, Goa and \u2013 with a<br \/>\n honorable mention \u2013 at Corti di Mare in Modica-Ragusa, Sicily.\n<\/td>\n<\/tr>\n<tr>\n<td valign=\"top\">&#8211;<\/td>\n<td valign=\"top\">2021 september: Erich exhibits in the \u00d6rkelljunga Art Society, Sweden<\/td>\n<\/tr>\n<tr>\n<td valign=\"top\">&#8211;<\/td>\n<td valign=\"top\">2021 april &#8211; maj: Erich participates in the group exhibition in \u00c5lesund\u00b4s Art Hall \u201eAlnes fyr\u201c, Norway<\/td>\n<\/tr>\n<tr>\n<td valign=\"top\">&#8211;<\/td>\n<td valign=\"top\">2021 april &#8211; maj: Erich and Ewa participates in the group exhibition \u201eKullasalongen 2021\u201c in the Krapperup Art Hall, H\u00f6gan\u00e4s, Sweden<\/td>\n<\/tr>\n<tr>\n<td valign=\"top\">&#8211;<\/td>\n<td valign=\"top\">2020 Erich participates in the group exhibition \u201eUnder stor press\u201c in the Art Hall Pumphuset, Borstahusen, Sweden<\/td>\n<\/tr>\n<tr>\n<td valign=\"top\">&#8211;<\/td>\n<td valign=\"top\">2020 Erich exhibits New Photo Works in the Gallery \u201eGamla Staden\u201c in Landskrona, Sweden<\/td>\n<\/tr>\n<\/tbody>\n<\/table>\n<table style=\"height: 25px; width: 100%;\">\n<tbody>\n<tr>\n<td><\/td>\n<td style=\"text-align: right;\">&gt;&gt; <a href=\"https:\/\/www.chiaroscuro.se\/en\/at-the-moment2\/\">Next page<\/a><\/td>\n<\/tr>\n<\/tbody>\n<\/table>\n","protected":false},"excerpt":{"rendered":"&#8211; 2026 Nov.-Jan27: Erich\u00b4s photo exhibition at Gallery Bretze, Hall in Tyrol, Austria &#8211; 2026 Aug.-Sept.: Erich\u00b4s photo exhibition at Gallery Bob Photo in Stockholm, Sweden &#8211; 2026 May: Erich\u00b4s single exhibition at Gallery Artportable, Karlav\u00e4gen 15, Stockholm, Sweden &#8211; 2026 April-July: Erich participate in a group exhibition at \u201dWipptalherz\u201d, Matrei\/Br. Austria &#8211; 2026 March:&#8230; <a class=\"view-article\" href=\"https:\/\/www.chiaroscuro.se\/en\/aktuellt-2\/\">View Article<\/a>","protected":false},"author":1,"featured_media":0,"parent":0,"menu_order":0,"comment_status":"open","ping_status":"open","template":"","meta":{"footnotes":""},"class_list":["post-625","page","type-page","status-publish","hentry"],"_links":{"self":[{"href":"https:\/\/www.chiaroscuro.se\/en\/wp-json\/wp\/v2\/pages\/625","targetHints":{"allow":["GET"]}}],"collection":[{"href":"https:\/\/www.chiaroscuro.se\/en\/wp-json\/wp\/v2\/pages"}],"about":[{"href":"https:\/\/www.chiaroscuro.se\/en\/wp-json\/wp\/v2\/types\/page"}],"author":[{"embeddable":true,"href":"https:\/\/www.chiaroscuro.se\/en\/wp-json\/wp\/v2\/users\/1"}],"replies":[{"embeddable":true,"href":"https:\/\/www.chiaroscuro.se\/en\/wp-json\/wp\/v2\/comments?post=625"}],"version-history":[{"count":13,"href":"https:\/\/www.chiaroscuro.se\/en\/wp-json\/wp\/v2\/pages\/625\/revisions"}],"predecessor-version":[{"id":1599,"href":"https:\/\/www.chiaroscuro.se\/en\/wp-json\/wp\/v2\/pages\/625\/revisions\/1599"}],"wp:attachment":[{"href":"https:\/\/www.chiaroscuro.se\/en\/wp-json\/wp\/v2\/media?parent=625"}],"curies":[{"name":"wp","href":"https:\/\/api.w.org\/{rel}","templated":true}]}}

<p><a href="http://www.chiaroscuro.se/wp-content/uploads/2018/01/Pris_webb.jpg"><img loading="lazy" decoding="async" class="alignnone wp-image-1032 size-medium" src="http://www.chiaroscuro.se/wp-content/uploads/2018/01/Pris_webb-250x154.jpg" alt="" width="250" height="154" srcset="https://www.chiaroscuro.se/wp-content/uploads/2018/01/Pris_webb-250x154.jpg 250w, https://www.chiaroscuro.se/wp-content/uploads/2018/01/Pris_webb-120x74.jpg 120w, https://www.chiaroscuro.se/wp-content/uploads/2018/01/Pris_webb.jpg 640w" sizes="auto, (max-width: 250px) 100vw, 250px" /> </a><a href="http://www.raetia.com/index.php?option=com_acymailing&amp;ctrl=archive&amp;task=view&amp;mailid=844&amp;key=2WEujHg1&amp;subid=50835-AkMyWtuAVgk3KL&amp;tmpl=component&amp;acm=50835_844"><img loading="lazy" decoding="async" class="alignnone wp-image-1204 size-thumbnail" src="http://www.chiaroscuro.se/wp-content/uploads/2019/07/image002-1-150x150.jpeg" alt="" width="150" height="150" /></a></p>
<table style="height: 25px; width: 100%;">
<tbody>
<tr>
<td valign="top">&#8211;</td>
<td valign="top">2026 Nov.-Jan27: Erich´s photo exhibition at Gallery Bretze, Hall in Tyrol, Austria</td>
</tr>
<tr>
<td valign="top">&#8211;</td>
<td valign="top">2026 Aug.-Sept.: Erich´s photo exhibition at Gallery Bob Photo in Stockholm, Sweden</td>
</tr>
<tr>
<td valign="top">&#8211;</td>
<td valign="top">2026 May: Erich´s single exhibition at Gallery Artportable, Karlavägen 15, Stockholm, Sweden</td>
</tr>
<tr>
<td valign="top">&#8211;</td>
<td valign="top">2026 April-July: Erich participate in a group exhibition at ”Wipptalherz”, Matrei/Br. Austria</td>
</tr>
<tr>
<td valign="top">&#8211;</td>
<td valign="top">2026 March: Erich´s photo exhibition at Gallery Hattlösa, Förslöv, Sweden</td>
</tr>
<tr>
<td valign="top">&#8211;</td>
<td valign="top">2025 sept.- oct.: Erich´s single exhibition at Gallery Bar(r), Malmoe, Sweden</td>
</tr>
<tr>
<td valign="top">&#8211;</td>
<td valign="top">2025 august: Ewa and Erich participate in a group exhibition at Konstföreningen<br />
Örkelljunga, Sweden</td>
</tr>
<tr>
<td valign="top">&#8211;</td>
<td valign="top">2025 june – july: „to be a man“, Erich´s photo exhibition at Galeria Lia Mostra D´Ert, Ortisei, Italy</td>
</tr>
<tr>
<td valign="top">&#8211;</td>
<td valign="top">2025 august: The photobook „Unforgettable &#8211; Unforgotten“ is published by the publisher DCV,<br />
Berlin, in german and english translation, with Erichs photos about „remains and transience”, Curator: Ewa Jönsson Hörtnagl, Texts: Alois Schöpf, Kurt Höretzeder</td>
</tr>
<tr>
<td valign="top">&#8211;</td>
<td valign="top">2024 June – Aug.: „to be a man“, Erichs photo exhibition at Gallery Hattlösa, Förslöv, Sweden</td>
</tr>
<tr>
<td valign="top">&#8211;</td>
<td valign="top">2024 Febr.- March:  „to be a man“, Erichs photo exhibition at Gallery Fotoforum West, Innsbruck, Austria</td>
</tr>
<td valign="top">&#8211;</td>
<td valign="top">2023 Nov. – Jan.24: „mensch.natur – new photo works“,  Erichs photo-graphic-exhibition at Artdepot, Innsbruck, Austria</td>
</tr>
<tr>
<td valign="top">&#8211;</td>
<td valign="top">2023 Nov. – Dec.: Erich participates in a group exhibition at Gallery Cowgirl, ”CFF-Salong”, &#8211; Malmoe, Sweden</td>
</tr>
<tr>
<td valign="top">&#8211;</td>
<td valign="top">2023 Sept. – 2024 Jan.: Erich participates in a group exhibition at Konsthallen Ravinen, „KONSTGRAFIK – ur Atelje Larsens samling“, Båstad, Sweden</td>
</tr>
<tr>
<td valign="top">&#8211;</td>
<td valign="top">2023 sept.: The book „Ewa Jönsson Hörtnagl 2003 &#8211; 2023“ is published by Chiaro Scuro, in swedish and german translation, with a selection of Ewas paintings from 2003-23.</td>
</tr>
<tr>
<td valign="top">&#8211;</td>
<td valign="top">2023 June: The photobook „to be a man“ is published by the publisher DCV, Berlin, in german and english translation, with Erichs photos about the role of men in today&#8217;s society. Curator: Ewa Jönsson Hörtnagl, Text: Regina Hilber, Alois Schöpf</td>
</tr>
<tr>
<td valign="top">&#8211;</td>
<td valign="top">Tarik Saleh´s feature film Boy from heaven, with Erich as Production Executive for Filmfinances Scandinavia, has got the critics award and the award for best screenplay at Cannes 2022 and is nominated for Swedens Oscar contribution 2023.
</td>
</tr>
<tr>
<td valign="top">&#8211;</td>
<td valign="top">2022 september: Public secrecies (new edition) invited to shortfilmfestivalen Pillusion, Tyrol, Austria
</td>
</tr>
<tr>
<td valign="top">&#8211;</td>
<td valign="top">2022 september:  Erich participates with new photoworks at Vienna Art Fair, Austria
</td>
</tr>
<tr>
<td valign="top">&#8211;</td>
<td valign="top">2022 juli-augusti: Erich participates in a group exhibition at Kunstverket, Oslo, Norway
</td>
</tr>
<tr>
<td valign="top">&#8211;</td>
<td valign="top">2021 Public secrecies (new edition) participate in 3 shortfilmfestivals: Berlin, Goa and – with a<br />
 honorable mention – at Corti di Mare in Modica-Ragusa, Sicily.
</td>
</tr>
<tr>
<td valign="top">&#8211;</td>
<td valign="top">2021 september: Erich exhibits in the Örkelljunga Art Society, Sweden</td>
</tr>
<tr>
<td valign="top">&#8211;</td>
<td valign="top">2021 april &#8211; maj: Erich participates in the group exhibition in Ålesund´s Art Hall „Alnes fyr“, Norway</td>
</tr>
<tr>
<td valign="top">&#8211;</td>
<td valign="top">2021 april &#8211; maj: Erich and Ewa participates in the group exhibition „Kullasalongen 2021“ in the Krapperup Art Hall, Höganäs, Sweden</td>
</tr>
<tr>
<td valign="top">&#8211;</td>
<td valign="top">2020 Erich participates in the group exhibition „Under stor press“ in the Art Hall Pumphuset, Borstahusen, Sweden</td>
</tr>
<tr>
<td valign="top">&#8211;</td>
<td valign="top">2020 Erich exhibits New Photo Works in the Gallery „Gamla Staden“ in Landskrona, Sweden</td>
</tr>
</tbody>
</table>
<table style="height: 25px; width: 100%;">
<tbody>
<tr>
<td></td>
<td style="text-align: right;">&gt;&gt; <a href="https://www.chiaroscuro.se/en/at-the-moment2/">Next page</a></td>
</tr>
</tbody>
</table>

&#8211; 2026 Nov.-Jan27: Erich´s photo exhibition at Gallery Bretze, Hall in Tyrol, Austria &#8211; 2026 Aug.-Sept.: Erich´s photo exhibition at Gallery Bob Photo in Stockholm, Sweden &#8211; 2026 May: Erich´s single exhibition at Gallery Artportable, Karlavägen 15, Stockholm, Sweden &#8211; 2026 April-July: Erich participate in a group exhibition at ”Wipptalherz”, Matrei/Br. Austria &#8211; 2026 March:&#8230; <a class="view-article" href="https://www.chiaroscuro.se/en/aktuellt-2/">View Article</a>
